{"id":73,"date":"2022-11-09T20:33:52","date_gmt":"2022-11-09T20:33:52","guid":{"rendered":"https:\/\/mada.glogow.pl\/?page_id=73"},"modified":"2025-09-05T11:42:13","modified_gmt":"2025-09-05T11:42:13","slug":"kursy","status":"publish","type":"page","link":"https:\/\/mada.glogow.pl\/?page_id=73","title":{"rendered":"KURSY"},"content":{"rendered":"<div style=\"text-align: justify; text-indent: 10px; color: #444444;\">\n<h3><strong>1. Operator maszyn do rob\u00f3t ziemnych, drogowych i innych urz\u0105dze\u0144 technicznych<\/strong><\/h3>\n<ul>\n<li><strong>Operator koparko-\u0142adowarek w zakresie III klasy uprawnie\u0144.<\/strong><\/li>\n<li><strong>Operator \u0142adowarek jednonaczyniowych kl. III (do 20 t).<\/strong><\/li>\n<li><strong>Operator koparek jednonaczyniowych kl. III (do 25 t).<\/strong><\/li>\n<li><strong>Operator przecinarek do nawierzchni dr\u00f3g o nap\u0119dzie spalinowym kl. III.<\/strong><\/li>\n<li><strong>Monta\u017cysta rusztowa\u0144 budowlano- monta\u017cowych metalowych \u2013 monta\u017c i demonta\u017c.<\/strong><\/li>\n<li><strong>Operator wielozadaniowych no\u015bnik\u00f3w osprz\u0119tu.<\/strong><\/li>\n<\/ul>\n<p><img loading=\"lazy\" decoding=\"async\" class=\"alignnone wp-image-92\" style=\"float: right; margin: 10px;\" src=\"https:\/\/mada.glogow.pl\/wp-content\/uploads\/2022\/11\/koparka-300x200.jpg\" alt=\"\" width=\"215\" height=\"146\" \/><\/p>\n<p>Kursy realizowane s\u0105 na podstawie program\u00f3w udost\u0119pnionych przez Sie\u0107 Badawcza \u0141ukasiewicz &#8211; Warszawski Instytut Technologiczny. Po pozytywnym zdaniu egzaminu pa\u0144stwowego uczestnik otrzymuje Ksi\u0105\u017ck\u0119 Operatora z wybran\u0105 specjalno\u015bci\u0105.<\/p>\n<h3>\u00a0\u00a0 <strong>2. Kursy spawalnicze<\/strong><\/h3>\n<ul>\n<li><strong>Spawanie blach i rur spoinami pachwinowymi metod\u0105 MMA (111)<\/strong><\/li>\n<li><strong>Spawanie blach i rur spoinami pachwinowymi metod\u0105 MAG (135)<\/strong><\/li>\n<li><strong>Spawanie blach i rur spoinami pachwinowymi metod\u0105 TIG (141)<\/strong><\/li>\n<li><strong>Spawanie blach i rur spoinami pachwinowymi metod\u0105 MIG (131)<\/strong><\/li>\n<li><strong>Spawanie acetylenowo &#8211; tlenowe blach (311)<\/strong><\/li>\n<li><strong>Spawanie acetylenowo &#8211; tlenowe rur (311)<\/strong><\/li>\n<\/ul>\n<p><img loading=\"lazy\" decoding=\"async\" class=\"alignnone wp-image-83\" style=\"float: left; margin: 10px;\" src=\"https:\/\/mada.glogow.pl\/wp-content\/uploads\/2022\/11\/spaw1-300x205.jpg\" alt=\"\" width=\"237\" height=\"162\" srcset=\"https:\/\/mada.glogow.pl\/wp-content\/uploads\/2022\/11\/spaw1-300x205.jpg 300w, https:\/\/mada.glogow.pl\/wp-content\/uploads\/2022\/11\/spaw1.jpg 640w\" sizes=\"auto, (max-width: 237px) 100vw, 237px\" \/><br \/>\nPosiadamy aktualny Atest wydany przez Sie\u0107 Badawcza \u0141ukasiewicz &#8211; G\u00f3rno\u015bl\u0105ski Instytut Technologiczny Centrum Spawalnictwa na prowadzenie w\/w kurs\u00f3w. Kursy prowadzone s\u0105 na podstawie Wytycznych Instytutu. Zaj\u0119cia praktyczne odbywaj\u0105 si\u0119 na spawalni zweryfikowanej przez Instytut, wyposa\u017conej w spawarki do nauki wszystkich wymienionych metod spawania oraz w niezb\u0119dny sprz\u0119t pomocniczy i ochronny. Przy o\u015brodku dzia\u0142a Komisja Egzaminacyjna posiadaj\u0105ca <strong><u>Licencj\u0119 <\/u><\/strong>upowa\u017cniaj\u0105c\u0105 do\u00a0egzaminowania spawaczy po kursach spawania oraz do okresowej weryfikacji uprawnie\u0144 spawalniczych.<\/p>\n<ul>\n<li><strong>Spawanie blach spoinami czo\u0142owymi w\/w specjalno\u015bci.<\/strong><\/li>\n<li><strong>Spawanie rur spoinami czo\u0142owymi w\/w specjalno\u015bci.<\/strong><\/li>\n<li><strong>Okresowa weryfikacja uprawnie\u0144 spawalniczych.<\/strong><\/li>\n<\/ul>\n<h3><strong>3. Badania nieniszcz\u0105ce: Badania wizualne VT1, VT2<\/strong><\/h3>\n<p>(wg program\u00f3w Sie\u0107 Badawcza \u0141ukasiewicz &#8211; G\u00f3rno\u015bl\u0105ski Instytut Technologiczny Centrum Spawalnictwa zgodnie z wymogami PN-EN ISO 9712)<\/p>\n<h3><strong>4. Obs\u0142uga w\u00f3zk\u00f3w jezdniowych podno\u015bnikowych, w tym: z wy\u0142\u0105czeniem specjalistycznych oraz w\u00f3zki specjalistyczne ze zmiennym wysi\u0119giem<\/strong><\/h3>\n<p><img loading=\"lazy\" decoding=\"async\" class=\"alignnone wp-image-88\" style=\"float: right; margin: 10px; border: 2px solid #FFFFFF;\" src=\"https:\/\/mada.glogow.pl\/wp-content\/uploads\/2022\/11\/wozek2-300x213.jpg\" alt=\"\" width=\"188\" height=\"133\" srcset=\"https:\/\/mada.glogow.pl\/wp-content\/uploads\/2022\/11\/wozek2-300x213.jpg 300w, https:\/\/mada.glogow.pl\/wp-content\/uploads\/2022\/11\/wozek2.jpg 640w\" sizes=\"auto, (max-width: 188px) 100vw, 188px\" \/><\/p>\n<p>&nbsp;<\/p>\n<p>Posiadamy udost\u0119pnione programy opracowane przez O\u015brodek Doskonalenia Kadr w Mys\u0142owicach.<\/p>\n<\/div>\n<p>&nbsp;<\/p>\n<div style=\"text-align: justify; text-indent: 10px; color: #444444;\">\n<h3><strong>5. Bezpieczne u\u017cytkowanie butli<\/strong><\/h3>\n<p>Celem szkolenia jest teoretyczne i praktyczne przygotowanie s\u0142uchaczy do bezpiecznego u\u017cytkowania butli w w\u00f3zkach jezdniowych zasilanych paliwem gazowym.<\/p>\n<h3><strong>6. Obs\u0142uga \/ konserwacja urz\u0105dze\u0144 podleg\u0142ych UDT<\/strong><\/h3>\n<h4>(suwnice, wci\u0105gniki, \u017curawie, podesty)<\/h4>\n<p>Celem szkolenia jest przygotowanie uczestnik\u00f3w do egzaminu przed Komisj\u0105 Kwalifikacyjn\u0105 z Urz\u0119du Dozoru Technicznego z cz\u0119\u015bci teoretycznej i praktycznej. Po zako\u0144czeniu kursu\u00a0 i zdaniu z wynikiem pozytywnym egzaminu uczestnicy otrzymuj\u0105 stosowne uprawnienia.<\/p>\n<h3><strong>\u00a07. Urz\u0105dzenia, instalacje i sieci \u2013 Eksploatacja, Doz\u00f3r<\/strong><\/h3>\n<p>Celem szkolenia jest aktualizacja wiedzy, przedstawienie zmian, nowo\u015bci oraz przygotowanie<br \/>\ndo zdobycia uprawnie\u0144 pa\u0144stwowych. Informujemy, \u017ce otrzymane \u015bwiadectwa kwalifikacyjne wydawane s\u0105 przez Stowarzyszenie Polskich Energetyk\u00f3w.<\/p>\n<ul>\n<li><strong>Uprawnienia elektryczne \u2013 Grupa 1<\/strong><\/li>\n<li><strong>Uprawnienia cieplne \u2013 Grupa 2<\/strong><\/li>\n<li><strong>Uprawnienia gazowe \u2013 Grupa 3<\/strong><\/li>\n<\/ul>\n<h3><strong>8. Szkolenia w zakresie przewozu drogowego towar\u00f3w niebezpiecznych (ADR)<\/strong><\/h3>\n<ul>\n<li>podstawowy,<\/li>\n<li>specjalistyczny w cysternach,<\/li>\n<li>przew\u00f3z materia\u0142\u00f3w i przedmiot\u00f3w kl. 1,<\/li>\n<li>przew\u00f3z materia\u0142\u00f3w promieniotw\u00f3rczych kl. 7.<\/li>\n<\/ul>\n<p>Posiadamy aktualn\u0105 zgod\u0119 wydan\u0105 przez Urz\u0105d Marsza\u0142kowski we Wroc\u0142awiu na prowadzenie w\/w kurs\u00f3w.<\/p>\n<h3>\u00a0\u00a0<strong>9. Operator pilarek \u0142a\u0144cuchowych<\/strong><\/h3>\n<p>Celem szkolenia jest przygotowanie do bezpiecznej obs\u0142ugi i pracy pilarkami \u0142a\u0144cuchowymi w zakresie samowyrobu drewna w lesie, pos\u0142ugiwaniu si\u0119 pilarkami \u0142a\u0144cuchowymi w gospodarstwie przydomowym i w zakresie innych potrzeb. Szkolenie ko\u0144czy si\u0119 sprawdzianem z umiej\u0119tno\u015bci i wydaniem za\u015bwiadczenia.<\/p>\n<h3>\u00a0 <strong>10. Szkolenia BHP okresowe:<\/strong><\/h3>\n<ul>\n<li>dla pracownik\u00f3w zatrudnionych na stanowiskach robotniczych,<\/li>\n<li>dla pracodawc\u00f3w i innych os\u00f3b kieruj\u0105cych pracownikami,<\/li>\n<li>dla pracownik\u00f3w administracyjno \u2013 biurowych i innych,<\/li>\n<li>dla pracownik\u00f3w in\u017cynieryjno \u2013 technicznych,<\/li>\n<li>dla pracownik\u00f3w s\u0142u\u017cby bezpiecze\u0144stwa i higieny pracy oraz os\u00f3b wykonuj\u0105cych zadania tej s\u0142u\u017cby.<\/li>\n<\/ul>\n<h3><strong>11. Kurs Pedagogiczny dla instruktor\u00f3w praktycznej nauki zawodu<\/strong><\/h3>\n<p>Kurs obejmuje:<\/p>\n<li>Podstawy pedagogiki ze szczeg\u00f3lnym uwzgl\u0119dnieniem pedagogiki pracy,<\/li>\n<li>Elementy psychologii w komunikacji i relacjach \u201einstruktor-osoba ucz\u0105ca si\u0119\u201d,<\/li>\n<li>Metodyka praktycznej nauki zawodu,<\/li>\n<li>Umiej\u0119tno\u015bci dydaktyczne.<\/li>\n<\/ul>\n<p>Celem kursu jest nabycie przez uczestnik\u00f3w wiedzy i umiej\u0119tno\u015bci z zakresu pedagogiki, psychologii i metodyki niezb\u0119dnej do wykonywania zada\u0144 instruktora praktycznej nauki zawodu. Kurs prowadzony jest na podstawie programu zatwierdzonego przez Dolno\u015bl\u0105skiego Kuratora O\u015bwiaty we Wroc\u0142awiu. Szkolenie ko\u0144czy si\u0119\u00a0egzaminem, po kt\u00f3rym zostaj\u0105 wydane stosowne za\u015bwiadczenia.<\/p>\n<h3><strong>12. Kursy czeladnicze i mistrzowskie<\/strong><\/h3>\n<p>Celem szkolenia jest teoretyczne i praktyczne przygotowanie do z\u0142o\u017cenia egzaminu na czeladnika (robotnika wykwalifikowanego) lub tytu\u0142 mistrza.<\/p>\n<h3><strong>13. Zasady wdra\u017cania systemu HACCP<\/strong><\/h3>\n<p>Szkolenia maj\u0105 na celu kszta\u0142towanie umiej\u0119tno\u015bci z zakresu wdra\u017cania systemu HACCP oraz zasad Dobrej Praktyki Higienicznej i Dobrej Praktyki Produkcyjnej obowi\u0105zuj\u0105cych w przedsi\u0119biorstwach hotelarskich i gastronomicznych. Kursanci, po zaliczeniu egzaminu wewn\u0119trznego, otrzymuj\u0105 wnioskowane za\u015bwiadczenia o uko\u0144czeniu wg wzoru MEN.<\/p>\n<h3>\u00a0<strong>14. Obs\u0142uga kas fiskalnych<\/strong><\/h3>\n<p><img loading=\"lazy\" decoding=\"async\" class=\"alignnone wp-image-90\" style=\"float: left; margin: 10px; box-shadow: 4px 4px 4px #aaaaaa;\" src=\"https:\/\/mada.glogow.pl\/wp-content\/uploads\/2022\/11\/kasa-300x242.jpg\" alt=\"\" width=\"112\" height=\"91\" srcset=\"https:\/\/mada.glogow.pl\/wp-content\/uploads\/2022\/11\/kasa-300x242.jpg 300w, https:\/\/mada.glogow.pl\/wp-content\/uploads\/2022\/11\/kasa.jpg 600w\" sizes=\"auto, (max-width: 112px) 100vw, 112px\" \/><\/p>\n<p>Szkolenie przygotowuje do nabycia umiej\u0119tno\u015bci w zakresie samodzielnego obs\u0142ugiwania urz\u0105dze\u0144 fiskalnych dla os\u00f3b chc\u0105cych zawodowo zajmowa\u0107 si\u0119 obs\u0142ug\u0105 kas fiskalnych.<\/p>\n<h3><strong>12. Udzielanie pierwszej pomocy przedmedycznej<\/strong><\/h3>\n<p>Celem szkolenia jest zdobycie wiedzy i praktycznych umiej\u0119tno\u015bci w zakresie udzielania pierwszej pomocy przedmedycznej. Po zaliczeniu egzaminu wewn\u0119trznego, kursanci otrzymuj\u0105 za\u015bwiadczenia o uko\u0144czeniu kursu.<\/p>\n<h3><strong>15. Kursy komputerowe<\/strong><\/h3>\n<p><img loading=\"lazy\" decoding=\"async\" class=\"alignnone wp-image-145\" style=\"float: right; margin: 15px; ;border: 2px solid #FFFFFF;\" src=\"https:\/\/mada.glogow.pl\/wp-content\/uploads\/2022\/11\/infor1-300x184.jpg\" alt=\"\" width=\"259\" height=\"159\" srcset=\"https:\/\/mada.glogow.pl\/wp-content\/uploads\/2022\/11\/infor1-300x184.jpg 300w, https:\/\/mada.glogow.pl\/wp-content\/uploads\/2022\/11\/infor1.jpg 600w\" sizes=\"auto, (max-width: 259px) 100vw, 259px\" \/><br \/>\nObs\u0142uga komputera z Windows.<\/p>\n<ul>\n<li>Obs\u0142uga program\u00f3w biurowych..<\/li>\n<li>Wykorzystanie Internetu w biurze.<\/li>\n<li>Obs\u0142uga pakietu SUBIEKT.<\/li>\n<li>Aplikacje pakietu MS Office.<\/li>\n<\/ul>\n<p>Obs\u0142uga program\u00f3w i aplikacji w uzgodnieniu z kursantem (grup\u0105 szkoleniow\u0105).<\/p>\n<h4 style=\"text-align: center; color: #660066;\"><strong>I inne rodzaje szkole\u0144, kurs\u00f3w wynikaj\u0105ce z potrzeb Klient\u00f3w<\/strong><\/h4>\n<p>Jeste\u015bmy w stanie zorganizowa\u0107 szkolenia i kursy nakierowane na szczeg\u00f3lne potrzeby naszych Klient\u00f3w.<\/p>\n<\/div>\n","protected":false},"excerpt":{"rendered":"<p>1. Operator maszyn do rob\u00f3t ziemnych, drogowych i innych urz\u0105dze\u0144 technicznych Operator koparko-\u0142adowarek w zakresie III klasy uprawnie\u0144. Operator \u0142adowarek jednonaczyniowych kl. III (do 20 t). Operator koparek jednonaczyniowych kl. III (do 25 t). Operator przecinarek do nawierzchni dr\u00f3g o nap\u0119dzie spalinowym kl. III. Monta\u017cysta rusztowa\u0144 budowlano- monta\u017cowych metalowych \u2013 monta\u017c i demonta\u017c. Operator wielozadaniowych [&hellip;]<\/p>\n","protected":false},"author":1,"featured_media":0,"parent":0,"menu_order":0,"comment_status":"closed","ping_status":"closed","template":"","meta":{"footnotes":""},"class_list":["post-73","page","type-page","status-publish","hentry"],"_links":{"self":[{"href":"https:\/\/mada.glogow.pl\/index.php?rest_route=\/wp\/v2\/pages\/73","targetHints":{"allow":["GET"]}}],"collection":[{"href":"https:\/\/mada.glogow.pl\/index.php?rest_route=\/wp\/v2\/pages"}],"about":[{"href":"https:\/\/mada.glogow.pl\/index.php?rest_route=\/wp\/v2\/types\/page"}],"author":[{"embeddable":true,"href":"https:\/\/mada.glogow.pl\/index.php?rest_route=\/wp\/v2\/users\/1"}],"replies":[{"embeddable":true,"href":"https:\/\/mada.glogow.pl\/index.php?rest_route=%2Fwp%2Fv2%2Fcomments&post=73"}],"version-history":[{"count":57,"href":"https:\/\/mada.glogow.pl\/index.php?rest_route=\/wp\/v2\/pages\/73\/revisions"}],"predecessor-version":[{"id":970,"href":"https:\/\/mada.glogow.pl\/index.php?rest_route=\/wp\/v2\/pages\/73\/revisions\/970"}],"wp:attachment":[{"href":"https:\/\/mada.glogow.pl\/index.php?rest_route=%2Fwp%2Fv2%2Fmedia&parent=73"}],"curies":[{"name":"wp","href":"https:\/\/api.w.org\/{rel}","templated":true}]}}